 -6. Let x(a) = a**3 - 7*a**2 - 5*a + 8. Let g be x(s). Let b = g - 58. Is b composite?
False
Suppose 2347 = 8*i - 6189. Let v = i + -204. Is v prime?
True
Suppose 0 = -9*t + 11*t + 4*g - 8074, -4*g = -5*t + 20241. Is t composite?
True
Suppose 30 = 3*j - 3*q, -3*q + 14 = 3*j - 22. Suppose 6 = -2*o, 3*o + 2*o = -2*r - j. Suppose r*h - 786 - 1312 = 0. Is h a prime number?
True
Suppose -4*w + 2 = -5*w. Let j be (-3 - w)/(5/6775). Let c = 2064 + j. Is c a composite number?
False
Suppose 6*v + 3*r = 4*v, -v - 1 = 2*r. Suppose 0 = b - v + 1. Suppose d - 2*y - 85 = b*y, 3*y = -3*d + 195. Is d a prime number?
False
Suppose 5*y - 2 = 28. Suppose 4*j + 2018 = y*j. Is j a prime number?
True
Let a(y) = y**2 + 8*y - 7. Let q be a(-9). Suppose 4*v - 3935 = g + q*g, 0 = -2*v - 4*g + 1962. Is v composite?
False
Is 1/((-7)/(-387038)) - (-15)/(-105) a prime number?
True
Let v be 43 + 1 + (0 - 1). Suppose -4*f + 98 = 18. Let y = v - f. Is y a prime number?
True
Let j(c) = -2*c**3 + 2*c**2 - 4*c - 5. Let t be j(-2). Suppose -3*w + 31 = p, -2*p + 31 = 4*w - t. Is p a prime number?
False
Suppose -3*d = -6*d + 9, 3*y - 2*d = 3255. Is y prime?
True
Let y(z) = 18*z + 15. Let c be y(-5). Is 2769/5 - (-60)/c a prime number?
False
Let k(r) = -21*r + 14. Let z(h) = h**3 + 8*h**2 + h - 1. Let o be z(-8). Is k(o) prime?
False
Let m be 2*(-3)/(-2) + 1. Suppose -m*u + 89 = 2*w - 1101, -5*w = -3*u - 2923. Is w prime?
True
Let c = 500 - 323. Is c a composite number?
True
Let r(z) = 806*z - 1. Suppose -2*b + 2 = -0. Let s be r(b). Suppose -3*i - 2*i = -s. Is i prime?
False
Let j(b) = 6*b**2 - 8*b + 11. Let k be j(-5). Let v = k - -706. Is v a prime number?
True
Is 11 + -9 + (-6721)/(-11) prime?
True
Let s(m) = -95*m - 106. Let b be s(-32). Suppose -4*z - b = -2*v, -3*v + 2*v + 1481 = 5*z. Is v a composite number?
False
Suppose 0 = 5*t - d + 6*d - 52810, 4*d = -t + 10571. Is t a composite number?
False
Let d be 67/((-720)/722 - (5 + -6)). Suppose -3*b - 5*h = -24182, -b + 4*h = -4*b + d. Is b prime?
True
Let u = 80612 + 15257. Is u prime?
True
Let k(a) = 12*a**2 - 5*a - 9. Let r = -14 - -8. Let j be k(r). Suppose 2*i - j = -2*b - 3*b, -b = 2*i - 97. Is b prime?
True
Is ((-391194)/72)/(2/(-8)) composite?
True
Let k(a) = -a. Let w(r) = 2*r - 1. Let g(p) = -5*k(p) - 2*w(p). Let x be g(-14). Is 1*(-4)/x*201 prime?
True
Suppose 9*p = 226395 - 58122. Is p prime?
False
Let r be 2/(-7) - 182/49. Let l be (-15)/(20/4) + 6. Is l + (-68)/r*26 composite?
True
Let p = -223 - -525. Suppose -2*r = 5*o - 1229, 592 = -0*r + r - 5*o. Suppose r = 2*g + 3*w, -4*w + 7*w - p = -g. Is g composite?
True
Is 41014/((8/(-12))/((-3)/9)) prime?
True
Let p = 4262 + 1337. Is p a prime number?
False
Let o be (12/10)/((-8)/(-20) - 0). Suppose -11417 = -4*n - o*n. Is n a prime number?
False
Suppose 22842 = 8*f + 6050. Is f composite?
False
Suppose 2*v - 4*f - 67034 = 0, -6*f = -f - 10. Is v composite?
False
Let v(n) be the second derivative of n**5/20 - 2*n**4/3 + 7*n**3/6 + 3*n**2 + 5*n. Let p be v(6). Is (-4)/6 - 112/p a composite number?
True
Let s = -25913 - -50218. Suppose -5*h + h - 5*l + 19444 = 0, -2*l = -5*h + s. Is h composite?
False
Let z be -7746 + 1 + (6/(-3))/2. Is (-4)/6*z/4 prime?
True
Suppose p + 4*p = -50. Let j be (-4)/p - (-162)/45. Is 1045/7 + j/(-14) a composite number?
False
Let l(u) be the third derivative of -u**5/60 + u**4/4 - u**3 - u**2. Let k be l(4). Suppose -i - 3*o + 28 = -52, 0 = -k*i + 3*o + 187. Is i composite?
False
Let x(w) = -w**3 + 8*w**2 + 11*w - 4. Let p(k) = -7*k - 6. Let o be p(-5). Suppose -5*d + o + 16 = 0. Is x(d) a prime number?
False
Let p = -11123 + 20794. Is p prime?
False
Let v(f) = f**2 + 6*f - 16. Let i be v(-8). Suppose 3*h - 4*p - 1053 = i, 0 = 5*h + 2*p - 3*p - 1738. Is h a composite number?
False
Let b = -11349 + 29636. Is b composite?
False
Let h(q) = 2*q**3 + 5*q**2 + 10*q + 8. Is h(7) a prime number?
True
Let l be (-2 - 178)/((-36)/48). Suppose 4*n = 3*p + n - l, -166 = -2*p + 4*n. Is p a prime number?
False
Let b = 48946 - 22149. Is b composite?
True
Suppose 0 = 5*c - 16 + 6. Suppose -c*s + 2608 = 3*s + a, 3*s - 3*a - 1554 = 0. Is s composite?
False
Let p(l) = 2*l**3 - 14*l**2 + 29*l. Is p(7) a prime number?
False
Suppose 1 = 2*o - 11. Let t be ((-3)/o)/((-5)/(-10)). Is (12/24)/(t/(-212)) a prime number?
False
Let v(r) = 241*r**2 + 194*r - 9. Is v(-4) a prime number?
False
Let s(i) = -142*i + 126579. Is s(0) composite?
True
Suppose 3*f = 6 + 3. Suppose -q + 385 = f*n + n, 5*q + 4*n - 1877 = 0. Is q prime?
True
Suppose 1319 = 3*x - 334. Let v(n) = -n**3 + 4*n**2 + 12*n + 5. Let b be v(9). Let q = x + b. Is q composite?
True
Suppose -3 = 4*l + 5. Is l*(-1 + 34/(-4)) composite?
False
Suppose 19*k + 27518 = 106425. Is k prime?
True
Let y(g) = g**2 + g - 2. Let u be y(2). Suppose -15 = -v - u*j + 3*j, v + 2*j = 15. Suppose 845 = 20*w - v*w. Is w a prime number?
False
Let x(c) = c**3 - c**2 + c. Let d be x(0). Suppose n - 5 + 3 = d. Suppose 0 = g + t - 11, -n*g - 5*t + 22 = -0*g. Is g composite?
False
Let p(k) = 30*k**2 + 8*k + 1. Is p(-9) composite?
True
Suppose -2*y - 11169 = -46221. Suppose p + y = 5223. Is p/(-33) + (-4)/(-22) composite?
False
Let g(b) = -b**2 - b + 2. Let j(p) = -p**2 + 1. Let a(k) = -g(k) + 2*j(k). Let h be a(0). Suppose 2*q - 108 = -h*s + 2*s, q = -s + 62. Is q prime?
False
Let o(n) = -253*n - 4. Let p = 14 + -25. Is o(p) a prime number?
False
Suppose -8*s + 5*s + 15 = 0. Suppose -2*g - 12 = -s*g. Suppose -4*r = -4*u - 944, 0 = -3*r + g*u - 182 + 891. Is r composite?
True
Let y = -21307 + 41594. Is y composite?
False
Let n(r) = -2*r**2 + 6*r + 6. Let l be n(-4). Is 5/l*-5*694 prime?
True
Is 383529/10 - (30/6)/(-50) prime?
False
Let b be (-43 + 2)*(0 + 1). Suppose 6*v = 7*v - 124. Let o = v + b. Is o composite?
False
Let l = -13516 - -20007. Is l a prime number?
True
Let f = -26 - -29. Suppose -2*a - 575 = -3*n + f*a, -3*n = a - 551. Is n a composite number?
True
Suppose -3*n - m + 625 = 0, 8*m - 20 = 3*m. Let v = 296 - n. Is v a prime number?
True
Let g be -2 + 5 - (-1 + -1). Suppose g*v = 2*t + 2, 3*t - 2*v = t + 4. Suppose 0 = f + 2*i - 0 - 3, -3*f = -t*i - 29. Is f prime?
True
Let m = -621 - -437. Let w be ((-3)/(-2))/((-3)/m). Is (w*2)/4 + 1 a composite number?
False
Let f(t) = 5*t + 11. Let x(w) = -4*w - 10. Let g(n) = 3*f(n) + 4*x(n). Let h be g(-12). Suppose 0 = -o - 3, 0 = 2*i - 0*o - h*o - 421. Is i prime?
False
Let a(j) be the first derivative of -5*j + 13/2*j**2 - 3 + 4/3*j**3. Is a(6) prime?
False
Let g = -117 + 970. Is g a composite number?
False
Suppose 2*o = -o + 3. Is 401 + (1 - 2) + 2 + o composite?
True
Let s(r) = r**3 - 5*r**2 + 14*r + 9. Let p be s(10). Suppose -p = -6*t + 449. Is t composite?
True
Let o(y) = y**3 - 20*y**2 + 51*y - 41. Is o(21) a composite number?
False
Suppose 3 = 2*r - 1. Suppose 2*q - 8 = 0, 3*m + 0*q - 1409 = -r*q. Suppose -4*k = -2*p - 494, 0 = 3*k - 3*p + 92 - m. Is k a composite number?
True
Let j(n) = -n**2 + 17*n - 37. Let x be j(13). Suppose -3158 = x*r - 17*r. Is r a composite number?
False
Suppose -4 + 0 = -o + 3*h, 2*o - 10 = 5*h. Let p be o/(-25) + (-54)/(-10). Suppose -2*r + u + 608 = r, -p*u + 817 = 4*r. Is r a prime number?
False
Suppose -5*h - 24738 + 66293 = 0. Is h composite?
False
Suppose 4*o + 4*s = 5*o - 6703, s - 4 = 0. Is o prime?
True
Suppose 5*l + 4228 = 31163. Is l a prime number?
True
Let o(d) = d - 7. Let g be o(10). Suppose -g*k - 2*k = 4*z + 94, 2*k = -5*z - 126. Let j = z - -121. Is j a prime number?
False
Let w = 4475 - 1458. Is w prime?
False
Let a be (9/(-18))/((-1)/6). Is (0 + -614)*5*a/(-6) composite?
True
Let z = 436 + 8260. Suppose -3*g + 11*g = z. Is g prime?
True
Let j(i) = 16*i**3 - 7*i**2 + 4*i - 25. Let m be j(6). Suppose 4*l = 3*l + m. Is l a composite number?
False
Suppose 5*v = 25, 0*c + v + 19 = 3*c. Suppose -c*a + 5215 = -a. Is a a prime number?
False
Suppose -5*o - 5*n + 295 = 0, -o - 5*n = -0*n - 59. Let t(v) = -v**3 + 5*v**2 - 2*v. Let i be t(2). Suppose -2*a + 3*z = -a - o, -i = -2*z. Is a composite?
False
Let d = -23 - -26. Is (2 + 5)/(d/177) composite?
True
Let y = 91 - 88. Suppose 3*d - y*i - 996 = 0, -417 + 1443 = 3*d + 3*i. Is d a prime number?
True
Let i = 584 + -303. Let l = i - 163. Is l a composite number?
True
Let a = -42277 - -64